 -328 - -370. What is the remainder when 60 is divided by c?
18
Calculate the remainder when (-1 + -1)/(21 - 15)*-78 is divided by 8.
2
Suppose 1 - 91 = -5*t. Let p be (53/(-4) + -4 + -2)*4. What is the remainder when (1 - p)*(-12)/(-18) is divided by t?
16
Let h = 10 - 6. Let s be (-4)/(-6)*264/4. Suppose 20 = 4*g - g - 5*b, 4*g + 2*b = s. What is the remainder when g is divided by h?
2
Let f(p) = 2*p**2 + 8*p - 6. Let u(c) = c**2 + c. Let x(b) = -f(b) + 3*u(b). Calculate the remainder when x(5) is divided by 2.
0
Suppose 21*n - 2117 - 7375 = 0. What is the remainder when n is divided by 38?
34
Let u be 260/28 + (-6)/21. Let l(k) = -k**3 + 9*k**2 + 2*k - 13. What is the remainder when 22 is divided by l(u)?
2
Calculate the remainder when 21 is divided by (-11 + 87/6)*24/7.
9
Suppose -4*o = 3*r - 109, 0 = -o - 5*r - 25 + 65. What is the remainder when 103 is divided by o?
3
Let a = 140 + -107. Let d be (-1)/4 + (-2)/(-8). Suppose -2*o = -d*o - 18. What is the remainder when a is divided by o?
6
Suppose 4*h + 12 = g, -h + 4 = 2*g - 20. Suppose -i + g = -2. Suppose 4*l - 47 = 105. Calculate the remainder when l is divided by i.
10
Suppose -2322 = 13*k - 8484. Calculate the remainder when k is divided by 60.
54
Let j(q) = q**2 + 3*q - 8. Calculate the remainder when 238 is divided by j(-6).
8
Suppose 0 = 2*i - 5*x - 11, -2*i + 5*i - 4*x = 6. Calculate the remainder when 1 is divided by i/3*84/(-56).
0
Suppose -14 = -q + 5*h, 2*h - 6 = q + 7*h. What is the remainder when 18 is divided by (-132)/(-13) - q/26?
8
Suppose -2*v + 3*v = 2*x + 71, 2*v + x - 152 = 0. Suppose 0 = -2*i + 5*i - v. What is the remainder when i is divided by 15?
10
Let j(y) = y**3 - 12*y**2 - 14*y + 6. Let f be j(13). Calculate the remainder when ((-20)/f)/((-8)/(-28)) is divided by 6.
4
Suppose a - 4 - 14 = 0. Let y = -2342 - -2352. Calculate the remainder when a is divided by y.
8
Let m = -22 - -22. What is the remainder when (26 + m)*(-6)/(-4) is divided by 5?
4
What is the remainder when 119 is divided by (-38 + (-10 - -5))*(1 + -2)?
33
Suppose 0*v = z + 4*v + 5, v = -5. Let j be (-1)/(-3*(-3)/81). Let s = j + z. What is the remainder when 21 is divided by s?
3
Suppose 322*y = -5*k + 320*y + 65, -4*k - 2*y = -54. What is the remainder when 2881 is divided by k?
10
Suppose -2*y + 59 = -5. Calculate the remainder when y is divided by 20.
12
Let w be (-15)/(-10) - 4/(-8). Suppose -2*o = w*j - 12, 0 = o - 2. What is the remainder when (-16)/j + 2 + 68 is divided by 23?
20
Let i(w) = w**2 - 5*w + 3. Let q be i(5). Suppose -q*u = -6*u + 84. Suppose -4*v = 5*t + 7 - u, 5*t - 2*v + 3 = 0. What is the remainder when 3 is divided by t?
0
Let v(j) = -7*j**2 - j - 30. Let u be v(-9). Calculate the remainder when ((-1)/(-2))/(-3*7/u) is divided by 9.
5
Suppose 5*h + 26 = 3*p, -33 = -5*h - 23. Let d = 7 - 3. Calculate the remainder when p is divided by d.
0
Let u = 2 - -6. Let b be (-86)/8 + 6/u. Calculate the remainder when 12 is divided by 20/(-8)*28/b.
5
Let n = -5 + -16. Let a = n + 46. What is the remainder when 48 is divided by a?
23
Let t(v) = v**3 + 8*v**2 - 4. Let x be t(-7). Let k = x + -6. Calculate the remainder when k is divided by 20.
19
Let o be (-20)/6*9/(-6). Suppose -o*j - 53 = -3*u + 2, -u - 2*j = 0. Calculate the remainder when 37 is divided by u.
7
Suppose -9*s = -3*s - 72. What is the remainder when 21 is divided by s?
9
Let o = -9 - -11. Let w be -6*(o + (-88)/6). Suppose 0 = 2*u + 4*p - 50, 0 = 4*u - 4*p - 0*p - w. Calculate the remainder when 83 is divided by u.
20
Suppose 28*g = 22*g + 228. What is the remainder when g is divided by 14?
10
Let x = -41 + 88. Let u(c) = -4*c**3 - 6*c**2 + 2*c + 2. Let n be u(-3). Suppose 5*l - n = -0*l. Calculate the remainder when x is divided by l.
7
What is the remainder when (-1 - -7)*-1 - (12 - 169) is divided by 20?
11
Let s be 9/((-27)/(-6)) - 40. Let l = s + 61. What is the remainder when 56 is divided by l?
10
Let v(c) = -c**2 - 13*c + 16. Let u be v(-14). Suppose r = -0*r - m + 29, 0 = -r - u*m + 32. Calculate the remainder when 102 is divided by r.
24
Let y(f) be the third derivative of f**5/60 + 2*f**4/3 - 13*f**3/3 + 19*f**2. What is the remainder when y(-21) is divided by 41?
38
Let l(c) = -c**2 - 17*c - 19. Calculate the remainder when 319 is divided by l(-14).
20
Let z = -25 - -42. Let c(k) = -3*k + 4*k**2 - 2*k**2 + k**3 + 4 + 3*k**2. What is the remainder when c(-3) is divided by z?
14
Suppose -b + 5*l + 149 = 3, 4*l - 119 = -b. Calculate the remainder when b is divided by ((-57)/6)/((-1)/2).
17
Let d(a) = -a**3 + 22*a**2 - 20*a - 24. Let g be d(21). What is the remainder when g - 13/((-2)/2) is divided by 6?
4
Let y(b) = 23 + 7*b**3 - 8*b**3 - 12*b - 7*b + 14*b**2. What is the remainder when y(12) is divided by 12?
11
Suppose v - 40 = -10*i + 7*i, -2*v = -3*i + 64. Let a(m) = 30*m**2 - 2*m - 1. Let j = -1 - 0. What is the remainder when a(j) is divided by i?
15
Let c be 15 + -15 + (-1 - -1). Let f(s) = s**3 + s**2 - s + 9. Calculate the remainder when 44 is divided by f(c).
8
Suppose h - 14 = -7. Let l(s) = 3*s + 3. Calculate the remainder when 43 is divided by l(h).
19
Let a be 176/18 - (-6)/27. Let f(b) = -b**2 + 11*b - 7. Suppose m = -1 + 2. Calculate the remainder when f(a) is divided by m.
0
Let j = -11 + 15. Let l(a) = 3 + j + 4*a**2 - 4 - 2 + a. What is the remainder when l(-1) is divided by 2?
0
Let f(y) = -2*y - 5. Suppose 0*u = -4*u - 3*w - 89, 0 = 4*w + 12. Calculate the remainder when f(u) is divided by 12.
11
Let t(a) = -a**2 - 5*a - 4. Let v be t(-3). Suppose -5*g - 2 = v*i + 1, -3*g - 9 = 0. Suppose -4*j + 30 + 34 = 0. What is the remainder when j is divided by i?
4
Suppose v - 4*a + 6*a = 14, -4*a = -4*v - 4. Let w(d) = 2*d**3 - 3*d**2 - 7*d - 6. Calculate the remainder when w(v) is divided by 16.
14
Suppose 0 = 5*d - 20, 17*x + 3*d = 19*x - 724. What is the remainder when x is divided by 10?
8
Suppose -b + 72 = -3*f, 13*b - 9*b - 243 = -3*f. Suppose -5*m + 0*p + 157 = 4*p, 10 = -5*p. Calculate the remainder when b is divided by m.
30
Let w be 9*5/12 + 9/(-12). Suppose 2*n = 2, w*j - 2*n + 95 = 6*j. Calculate the remainder when 89 is divided by j.
27
Suppose -15*h = -12*h - 225. Suppose 5*g + 7 = 2*f, 5*f - 3*g = -2*g + h. What is the remainder when 159 is divided by f?
15
Suppose -3872 - 65312 = -94*c. What is the remainder when c is divided by 20?
16
Suppose -12 = -3*u + 3*w, 4*u - 8 = 5*w + 7. Suppose -k - 11 = -u*k - 5*b, k + 2*b = 2. Calculate the remainder when 11 is divided by k.
3
Suppose f + 3 = 0, 4*q - 4*f - 84 = -0*q. Suppose -q = -2*t + 82. Suppose -3*o - 16 = -7*o, 0 = 2*a - 5*o - 14. Calculate the remainder when t is divided by a.
16
Let l = 201 + -92. Let a be -3 - (-15 + 0 + 3). Let x(r) = 3*r + 1. What is the remainder when l is divided by x(a)?
25
Calculate the remainder when (11/(-33))/(4/(-1812)) is divided by 38.
37
Suppose 24*m + 1300 = 26*m. Suppose -m = 3*v - 8*v. Calculate the remainder when v is divided by 22.
20
Suppose 5*l + 59 = -4*r, 0*r + 26 = -2*l - r. Let u = l + -1. Let y = u - -30. What is the remainder when 55 is divided by y?
13
Let k(i) = i**3 - 10*i**2 + 8*i + 12. Let s be k(9). Suppose s*v - 6 - 174 = 0. What is the remainder when v is divided by 16?
12
Suppose 2*u - 1 = 29. Suppose -36*y + 3996 = 18*y. What is the remainder when y is divided by u?
14
Let u = 4 + -2. Calculate the remainder when 9 + u/4*-6 is divided by 4.
2
Suppose -5*l = r - 135, -5*l + r + 135 = -4*r. Calculate the remainder when 46 is divided by l + 2/(-2) + -1.
21
Let n = 22 - 38. Calculate the remainder when (3/6)/((-2)/n) is divided by 2.
0
Let i(d) = 17*d**2 + 91*d + 262. Calculate the remainder when i(-3) is divided by 62.
18
Suppose -4*a + 6 = 2*b, -a + 3*b = -4*a. Let q(c) = -a + 10*c**2 - 18*c + 33*c - 9*c. What is the remainder when q(2) is divided by 13?
10
Suppose -p = -31 + 1. Suppose -3*d - 2*t + p = -0, -2*d - 5*t = -9. What is the remainder when 69 is divided by d?
9
Let t = 222 + -157. Calculate the remainder when t is divided by 13.
0
Suppose -2*h = 41 + 69. Let p = 37 + h. Calculate the remainder when 35 is divided by (1 - -3)/((-6)/p).
11
Suppose -39 = 8*z - 5*z. Let f = z - -60. Suppose p - 172 = -f. Calculate the remainder when p is divided by 32.
29
Suppose 